st common divisor of v and b.
6
Let w = 162 + 3. Suppose -94 + 84 = -2*f. Suppose f*g - 77 = 88. What is the highest common divisor of w and g?
33
Let f = -486 + 648. Calculate the highest common divisor of f and 459.
27
Let t(v) = 441*v + 5707. Let j be t(29). What is the highest common divisor of j and 192?
64
Suppose r + 2*r = 156. Let u(q) = 8*q + 2 - 10*q - q**2 - 5*q - 5*q. Let j be u(-11). What is the greatest common factor of j and r?
13
Suppose -20 = -4*w, 93 = 2*r - 3*w + 26. Let i(d) = -5*d + 524. Let k be i(-10). Calculate the greatest common factor of r and k.
41
Suppose 0 = -3*c + 3*s + 72, 7*s = -c + 2*s + 24. Suppose 4*g - 428 = 4*m, 4*g - 530 = -g + 4*m. Let o = -66 + g. What is the highest common divisor of o and c?
12
Suppose 7*j - 69*j + 38*j = -9360. Calculate the greatest common divisor of 4 and j.
2
Suppose -3*p + 21 = 0, 3*u - p + 2 = 103. Calculate the highest common factor of 3720 and u.
12
Let f(h) = 13*h - 41. Let b be f(15). Let j = b + 14. Let a = 26 - 2. What is the highest common factor of a and j?
24
Let f be (-3141)/(-27) + (-56)/36*24/(-14). Calculate the greatest common divisor of f and 867.
17
Suppose 4*x - 349 = 3*j, 2*x = 5*x - 12. Let c = 345 + j. Calculate the highest common divisor of 26 and c.
26
Let s = -2823 - -2893. What is the highest common factor of s and 210?
70
Let k(v) = v**3 + 7*v**2 + 11*v + 6. Let y be k(-5). Suppose 2*n + 26*d - 21*d - y = 0, -5*d + 25 = 5*n. What is the greatest common divisor of 140 and n?
4
Let b(a) = 39*a - 269. Let o(s) = 8*s**2 - 62*s - 6. Let f be o(8). Let c be b(f). Calculate the highest common divisor of 22 and c.
11
Let v = -782 - -1658. Calculate the highest common factor of 24 and v.
12
Let m be (-2)/(-3)*15/(-10) - -198. Let n = m + -69. Calculate the greatest common factor of 80 and n.
16
Let d(i) = -i**3 - 10*i**2 + 23*i + 11. Suppose 0 = -8*r + 11*r + 36. Let k be d(r). What is the highest common factor of 1 and k?
1
Suppose -6*d + 7*d - 329 = -3*f, 2*f - 5*d - 259 = 0. What is the highest common factor of f and 18704?
112
Suppose -342*t + 2040 = -330*t. Calculate the greatest common factor of t and 1615.
85
Let f = 6421 + -3146. What is the greatest common divisor of f and 200?
25
Suppose 4 = -137*p + 138*p. Suppose 9 = 3*r, p*v + 0*v + 3*r = 213. What is the highest common factor of 323 and v?
17
Suppose 0 = 4807*u - 4964*u + 14601. Calculate the greatest common divisor of 744 and u.
93
Let x be (1/(-3))/(17/2397). Let j = x - -72. What is the greatest common divisor of 275 and j?
25
Suppose 1146 = 15*h - 144. What is the highest common divisor of 1118 and h?
86
Let o(a) = 8*a**2 - 38*a - 14. Let i be o(-9). Calculate the highest common divisor of i and 16.
16
Let u(t) = -11*t**3 - 2*t**2 + t + 2. Let l be u(-1). Let r = 13 - -37. Let b = r + 0. What is the highest common divisor of l and b?
10
Let y(t) = t**3 + 15*t**2 - 2*t - 10. Let h be y(-15). Let x = h - 18. Suppose x*p - 12 = p. What is the greatest common divisor of p and 132?
12
Let f = -8252 + 9272. What is the greatest common factor of f and 13005?
255
Let x be (-5)/((48/5024)/(3/(-2))). Calculate the highest common divisor of 15 and x.
5
Let w = 189 - -6016. Calculate the highest common factor of 85 and w.
85
Let d(k) = k + 106. Let i be d(12). Calculate the greatest common factor of 8 and i.
2
Suppose 4*f = 426 + 534. Let a(t) = 2*t + 19*t - t**2 - 3 - t**2 + 17. Let z be a(10). Calculate the greatest common factor of z and f.
24
Let i be (-15)/(-2 - (1 + 24/(-10))). Let b be 160 + 6*i/30. Let j = -123 + 189. Calculate the highest common divisor of j and b.
33
Let h be (-14)/(-14)*1/1. Let g be 1 - (h + 797)*(-3)/6. Calculate the highest common factor of g and 16.
16
Let t be ((-44)/6)/(-10 + (-162998)/(-16302)). What is the highest common factor of 76 and t?
38
Let b = -14941 + 14959. What is the highest common divisor of b and 1026?
18
Let x(g) = -25*g. Let a be x(0). Suppose a = -5*n + 395 + 95. What is the highest common factor of n and 70?
14
Let y(t) = 42*t + 6. Let r be y(6). Suppose -83 + r = i. Let g = 166 - 96. What is the greatest common factor of g and i?
35
Let l = -7 + 11. Let d(p) = 32*p + 34. Let j be d(l). Suppose -2*s = 4*v - 48, 2*s - 3*v = v + 24. What is the greatest common factor of j and s?
18
Suppose -3*d - 1 + 103 = 0. Suppose -31*a = -d*a - 66. Let i be -1*2 - a*(4 + 1). Calculate the highest common factor of 12 and i.
12
Let b = 519 + -392. What is the highest common factor of b and 381?
127
Let i = -6433 + 7938. What is the highest common factor of i and 140?
35
Let c = -305 - -321. Let o be (-9 - 80/(-10))/((-1)/c). What is the greatest common divisor of o and 10?
2
Suppose 0 = 4*d - 5*f - 1793, d - 5*f - 231 = 221. Let s = -240 + d. What is the greatest common factor of 23 and s?
23
Let s(d) = d + 4. Let r be s(-6). Let y be (r + -1)*120/(-90). Let x be (26 - 22)/((-1)/(-38)*2). Calculate the highest common divisor of y and x.
4
Suppose 4*v - 2*t - 1066 = 0, -3*v + 4*t + 277 = -2*v. Let y = 365 - v. What is the highest common divisor of 125 and y?
25
Let v be 5 + (-6 - (-4 + 0)). Suppose -5*z + 300 = -2*j - z, -v*j = -2*z + 434. Let k = 214 + j. What is the highest common factor of k and 36?
36
Let k be (-3650)/(-292)*(-85 + 7)*(-2)/6. Suppose -3*x = -4*x + 13. What is the highest common divisor of k and x?
13
Let d = -41014 - -41038. Calculate the highest common divisor of d and 4920.
24
Let s = 999 - -2316. Let a = -1720 + s. Suppose 6*i - a = i. What is the greatest common factor of i and 29?
29
Let p be 12 - (1 + 2 - 1). Suppose -p = -0*n + n. Let m = 25 + n. Calculate the highest common factor of 6 and m.
3
Let l(h) = -h - 8. Let y be l(-17). Let a be 4*2 - (-36)/y. Let f = -153 + 261. Calculate the greatest common factor of f and a.
12
Suppose 154*n = 140*n + 476. Let y = 148 - 87. Let x = y - n. Calculate the highest common factor of x and 216.
27
Suppose 2*h + 4*x - 1156 = 0, 484*h - 563 = 483*h + 3*x. Calculate the highest common factor of 312 and h.
52
Let w(t) = -32*t - 200. Let c be w(0). Let n be (c/(-14))/(((-6)/42)/(-1)). Let v = 278 - 28. What is the greatest common factor of v and n?
50
Let j be 3 + ((-2)/4)/(7/14). Suppose -2*z = -n + 58, 2*z + 0 = -j. What is the greatest common factor of 16 and n?
8
Suppose -4*j + 294 = 10*j. Calculate the greatest common divisor of 2541 and j.
21
Suppose -5*t = 3*y - 2172, 15*t + 5*y + 1276 = 18*t. What is the highest common factor of 3744 and t?
144
Let o = 24748 - 24586. Calculate the greatest common divisor of 3654 and o.
18
Suppose -11*v = 129 + 597. Let h = v - -69. Suppose t + 5*b = 30, h*t + 42 = 4*t - b. Calculate the highest common factor of 8 and t.
8
Let v(r) = -r**3 + 11*r**2 + 2*r + 137. Let f be v(12). Let j(t) = 108*t - 1. Let n be j(3). Calculate the highest common divisor of f and n.
17
Let y be 666/30 - (-2)/(-10). Suppose -c + 17 = r, r - 17 = -2*c + y. Calculate the greatest common factor of c and 352.
22
Let q = -116956 - -117008. Let b be ((-3)/6)/((-1)/10). Let y = 8 + b. Calculate the greatest common factor of y and q.
13
Let l be (16 + (-708)/36)/((-1)/354). What is the greatest common factor of 6 and l?
2
Let b(s) = 486*s + 837. Let a be b(3). What is the greatest common factor of a and 9?
9
Suppose -122 = i - 4*l - 231, 3*i + 2*l - 313 = 0. What is the greatest common divisor of 6195 and i?
105
Let l = 26 - 17. Suppose -3 = -2*j + 3. Let m be ((9/j)/3)/(l/108). Calculate the greatest common factor of 18 and m.
6
Suppose -3280 = -146*a + 919 - 695. What is the greatest common factor of a and 1592?
8
Suppose 2*q - 6*q - 130 = -3*o, 3*o - 121 = -5*q. Let g be (-614)/(-3)*(-12)/(-8). Let d = -295 + g. Calculate the highest common divisor of d and o.
6
Let o(y) = 2*y. Let m(r) = 10*r + 25. Let g(u) = -2*m(u) + 14*o(u). Let b be g(7). What is the highest common divisor of 54 and b?
6
Let f(a) = 9*a**3 + a**2 + 4*a + 2. Let k be f(3). Let w = k - 182. Let x be -2*45*35/(-15). What is the highest common divisor of x and w?
42
Suppose 79*r - 76*r - 3*q = 2295, -4*r = -q - 3045. What is the greatest common divisor of 323 and r?
19
Let k(u) = 1555*u - 6101. Let i be k(4). What is the highest common factor of i and 12019?
119
Let a = -248 - -388. Suppose 4*o = 4*f - o - a, -3*o + 12 = 0.